 3*p, -33 = -5*w - 4*p. What is the highest common factor of w and 2?
1
Let o be (-3 + 3/(-2))*(-40)/15. Calculate the highest common divisor of 60 and o.
12
Suppose -2*x + 6*x = 200. Calculate the highest common divisor of x and 20.
10
Let i(t) = -98*t + 1. Let j be i(-1). Calculate the greatest common divisor of j and 11.
11
Let n be -3 - (-78 + (-6)/3). Suppose -32 = -5*a - 5*l + 18, -n = -5*a + 4*l. What is the greatest common factor of a and 26?
13
Let j = 22 + -11. Let y = 13 - -64. What is the highest common factor of y and j?
11
Let p(c) be the second derivative of -35*c**3/2 + 2*c**2 + c. Let t be p(3). Let q = -220 - t. What is the highest common divisor of q and 13?
13
Let h be (-12)/(-48) - 1582/(-8). What is the greatest common divisor of h and 18?
18
Suppose 5*w = 2*w. Suppose w = -3*j + 1 - 4. Let x be (-66)/8*(j + -3). Calculate the highest common factor of x and 11.
11
Let v = 196 + -491. Let h be (-2)/(-8) + v/(-20). What is the greatest common divisor of 15 and h?
15
Let l(k) = 3*k**3 + 2*k**2 - 1. Let a be l(1). Let v = a + -3. Let m = v + 4. What is the highest common factor of m and 25?
5
Let j(x) = 38*x + 1. Let r be j(1). Let i = r - 20. What is the greatest common factor of 19 and i?
19
Let g = 7 + -2. Suppose w + 754 - 195 = 5*i, -4*i + g*w = -443. Let b be ((-14)/(-3))/((-1)/(-3)). What is the greatest common divisor of b and i?
14
Suppose -2*f = 3*g - 38, f - 12 = -2*g + 13. What is the greatest common divisor of g and 4?
4
Let z be 4/(-10) + 697/5. Suppose 5*o - 246 = z. Calculate the highest common factor of o and 7.
7
Let t(m) = -4*m + 3. Let k be t(-8). What is the highest common factor of 105 and k?
35
Suppose -160*v = -159*v - 24. What is the highest common divisor of v and 192?
24
Let z(l) = 2*l**3 - 2*l**2 - 5*l + 6. Let m be z(2). What is the highest common divisor of m and 10?
2
Let z be (-2)/10 + 108/15. Suppose z + 33 = 4*v. Calculate the greatest common factor of v and 15.
5
Let a = 247 + -239. Let r(x) = 13*x**2 - x + 2. Let f(w) = w - 4. Let s be f(2). Let v be r(s). Calculate the highest common divisor of v and a.
8
Let t = -135 + 147. What is the greatest common divisor of 84 and t?
12
Suppose -85 + 265 = 4*q. Calculate the greatest common divisor of q and 5.
5
Let n(h) = h + 23. Let m be n(-22). Calculate the greatest common divisor of m and 1.
1
Let g be -1*(1*15)/(-3). Suppose -5*p - 25 = 0, 3*c - 2*c + 26 = -g*p. Let o be ((-6)/(-8))/(c/(-36)). Calculate the highest common divisor of o and 18.
9
Let n be 0 - ((-8)/(-4) - -38). Let c be (-4)/(-10) - 224/n. What is the greatest common divisor of c and 30?
6
Suppose -3*f = -f - 16. Let z = 22 - 37. Let w = 19 + z. Calculate the highest common divisor of f and w.
4
Let s(r) be the third derivative of r**4/24 + 70*r**3/3 + 4*r**2. Let w be s(0). What is the greatest common factor of w and 20?
20
Suppose 5*f - 9*f = -352. What is the greatest common divisor of f and 22?
22
Let z = -618 + 1133. Suppose 1136 = p + 5*x, 5*p - 5111 = 2*x + z. Let c be 8/(-12) + p/6. What is the highest common divisor of c and 17?
17
Suppose 6 = 4*b - l + 19, 3*b - 5*l = 3. Let w = b - -8. Suppose -351 = g - w*g. What is the highest common divisor of g and 13?
13
Let v be (-10)/(-25) + (-952)/(-20). Calculate the highest common factor of v and 6.
6
Suppose h = -2*h + 180. Let k(o) = -o**3 - 8*o**2 + 8*o + 11. Let g be k(-9). Let w be 32/g*30/4. Calculate the greatest common divisor of w and h.
12
Suppose -151 - 9 = -8*l. What is the highest common factor of l and 140?
20
Let x(z) = 2*z**2. Let y be (7/(-4) + 2)*12. Let f be x(y). Calculate the greatest common factor of 198 and f.
18
Let g be 81 - 1*(-3)/(-3). Let f = -14 - -33. Let q = f - 9. Calculate the greatest common factor of g and q.
10
Let k(f) = f**3 + 11*f**2 + f + 11. Let q be k(-11). Suppose 3*y - 2*y + 1 = q, 5*l - 111 = y. What is the highest common divisor of 198 and l?
22
Suppose -14 - 37 = -2*r - h, -5*r + 5*h + 105 = 0. Calculate the greatest common factor of 120 and r.
24
Let b be -3 - 55/10*-2. Calculate the greatest common divisor of 8 and b.
8
Let i(x) = x + 15. Let y be i(-7). Let v be 9/(-4) + 2/y. Let k be (v + -2)*-8*1. What is the greatest common divisor of 8 and k?
8
Let j be 1 + 49 - (10 - 5). What is the greatest common factor of 15 and j?
15
Suppose -28 = 2*w - 6*w. Let a(q) = q**3 - 6*q**2 + 6*q - 3. Let z be a(w). Suppose -2*c - 2*c + z = 0. What is the greatest common factor of 55 and c?
11
Let n = 142 - 78. What is the highest common divisor of n and 8?
8
Let x(u) = u**3 + 6*u**2 - 7*u. Let v be x(-6). Let t be ((-6)/(-15))/(2/70). What is the highest common factor of v and t?
14
Let w = -7 - -13. Suppose 3*i + 348 = -i. Let j = 135 + i. What is the greatest common divisor of j and w?
6
Let t be (-30)/(-40) + 11/(-4) - -20. What is the highest common factor of 144 and t?
18
Let p = -39 + 63. What is the highest common divisor of p and 16?
8
Suppose l = 2*a - 36, l = 2*a + 4*l - 20. What is the greatest common factor of a and 112?
16
Let j be (9 + -2)*(4 + -3). Suppose j = 2*q - 7. Calculate the highest common divisor of 1 and q.
1
Let d(g) = g**3 - 4*g**2 + 1. Let i be d(4). What is the highest common factor of i and 6?
1
Let z = -16 + 38. Let j = z - 16. What is the greatest common divisor of j and 24?
6
Suppose 3*g = f + 31, -2*f + 15 = g - 7*f. What is the greatest common factor of g and 25?
5
Let c be (1 + -1)*(-1)/(-1). Suppose c = 4*d - 0*d - 48. Let f(h) = -h + 108. Let b be f(0). Calculate the highest common divisor of b and d.
12
Let z(w) be the third derivative of -w**5/60 - 5*w**4/24 - w**3/3 + 6*w**2. Let p be z(-3). Calculate the highest common divisor of 36 and p.
4
Let w(l) = l**3 - 10*l**2 - 10*l - 9. Let h be w(11). What is the highest common divisor of 1 and h?
1
Let z = 567 - -292. Suppose z - 35 = 4*w. Suppose 5*k = -3*u + w, u - 4 = -u. Calculate the greatest common factor of k and 5.
5
Suppose -5*p + 130 = -5*v, -3*v = p + v - 36. Calculate the highest common factor of p and 7.
7
Suppose -6*c + 2*d + 1030 = -c, d = c - 206. Suppose 14 - c = -3*p. Let h be 93/12 - 2/(-8). What is the highest common factor of p and h?
8
Let p(q) = q**3 + 9*q**2 + 7*q + 4. Let g be p(-6). Let v be (-6)/3*(-10)/4. Let u be (6/v)/(3/70). Calculate the greatest common divisor of g and u.
14
Let m be 5/(-15)*(2 - -1). Let g = m - -45. Let z be 1/1 + (1 - -2). Calculate the highest common divisor of z and g.
4
Let n = 50 - 32. Suppose -n = -2*j - 0*j. What is the highest common divisor of 3 and j?
3
Let b = 840 - 323. Calculate the greatest common divisor of b and 47.
47
Let j be 6/27 - 86/(-18). Suppose -b - 1 = -j. Calculate the greatest common divisor of 16 and b.
4
Let g(p) = -p**3 - 6*p**2 + 3. Let x be g(-6). Suppose 4*j - 92 = 2*f, -x*j + f + 41 + 27 = 0. Calculate the greatest common factor of j and 22.
22
Suppose -2 - 28 = -2*t. Suppose -3*c + 0*c = -45. Calculate the highest common factor of c and t.
15
Let q(w) be the first derivative of w**4/4 + w**3/3 + w**2/2 + w + 3. Let o be q(-1). Let s = o - -9. Calculate the greatest common divisor of 6 and s.
3
Suppose -5*h = -k, -6 = 4*h - 4*k + 10. What is the highest common factor of 5 and h?
1
Suppose 120 = 33*d - 28*d. What is the greatest common factor of d and 24?
24
Suppose 4*f - 2 = 3*f. Let g = 12 + -7. Let m(v) = v - 3. Let l be m(g). Calculate the highest common divisor of f and l.
2
Let z be (0 - 3 - -98) + 0. What is the greatest common divisor of 19 and z?
19
Let b(q) = -q**3 + 9*q**2 + 8*q + 3. Let s be b(10). Let a = -5 - s. What is the greatest common divisor of a and 96?
12
Suppose -2*p + 25 = -7*p. Let i be 2/5 + (-68)/p. Let x be (84/(2 - 0))/2. Calculate the highest common factor of i and x.
7
Let m be 1*(-1)/(-3) - 190/(-6). Calculate the greatest common divisor of m and 128.
32
Suppose 13 = 4*x + x - 3*z, 0 = -x - 5*z + 25. Let l(j) = -j**3 + 7*j**2 - 7*j. Let q be l(5). What is the highest common factor of x and q?
5
Let b(s) = -s**3 - 12*s**2 - 2*s - 10. Suppose -3*k + o = 41, -2*o - o = 4*k + 33. Let v be b(k). Calculate the highest common divisor of 70 and v.
14
Let s(k) = 3*k + 71. Let r be s(-23). Calculate the greatest common divisor of r and 2.
2
Suppose -3*c + 2*c + 4*w = -82, 3*w = 2*c - 144. What is